pose 6 = -g - d + 24, 2*d - 10 = 0. Calculate the greatest common factor of u and g.
13
Suppose t + 4*c - 27 = 0, t = 3*c + 2*c - 9. Let z = 3 + t. Let u be 164/z - (-6)/21. Calculate the highest common divisor of 12 and u.
12
Suppose 4*k + 203 = 67. Suppose 3*o = 2*t - 51, -40 + 125 = -5*o - 2*t. Let c = o - k. Calculate the greatest common divisor of c and 17.
17
Suppose -x - 35 = -6*x. Suppose 12*t - x*t - 5 = 0. Calculate the highest common divisor of t and 5.
1
Suppose 27*y = 24*y + 42. What is the highest common factor of y and 70?
14
Suppose -2*i = 3 - 17. Suppose k + 6 = 7. What is the greatest common factor of i and k?
1
Let z be (81/(-4))/(-9)*20. Calculate the greatest common divisor of 30 and z.
15
Let x = -16 - -36. Calculate the highest common factor of x and 4.
4
Let i be (12/14)/(1/14). Calculate the greatest common factor of 4 and i.
4
Let i = 91 - 51. Calculate the highest common factor of i and 160.
40
Let j = -151 + 106. Let d = j + 77. Calculate the highest common factor of 8 and d.
8
Let i = 22 - 19. Let o be (8/4 - 4) + i. Calculate the greatest common factor of o and 3.
1
Let i(x) = 5*x**3 - 2*x. Let m be i(2). What is the greatest common divisor of m and 9?
9
Let u be 740/28 - 12/(-21). Let d = 0 - -9. What is the highest common divisor of d and u?
9
Let f(m) = -m - 1. Let x be f(-3). Let n(q) = 3*q**3 - 3*q**2 + q. Let j be n(x). What is the greatest common factor of j and 28?
14
Suppose -4*x + 8*x = 0. Suppose x = 4*k + 5*t - 92, 2*t = -2*t + 16. Calculate the greatest common divisor of 27 and k.
9
Suppose 43 - 106 = -3*u. Calculate the highest common factor of 3 and u.
3
Let r(l) = -l**3 + 6*l**2 + 6*l - 3. Suppose -s + 6 + 0 = 0. Let h be r(s). Let a = 2 + 20. Calculate the highest common divisor of h and a.
11
Suppose 12 - 15 = -3*i. Let n be (-4)/14 + (-4)/(-14). Suppose n = 2*m - 6, i = -4*w + 2*m + 3. Calculate the greatest common factor of w and 18.
2
Let h = 6 + -8. Let c(m) = 2*m**2 + 3*m + 3. Let b be c(h). Let l = b - -7. What is the greatest common factor of l and 132?
12
Let v = -277 - -445. What is the greatest common divisor of v and 24?
24
Let t = -5 + 20. What is the highest common factor of 30 and t?
15
Suppose -4*i + 2*f - 380 = -7*i, 5*i - 4*f - 626 = 0. Let u = 29 + -16. Let o be (u - 0) + 2/2. What is the greatest common factor of i and o?
14
Let y = 204 - 129. Calculate the highest common divisor of 3 and y.
3
Let b(d) = 2*d**2 - 7*d + 2. Let t be b(-7). Let k = t - 83. Suppose 2*r = -4 + 26. What is the greatest common factor of r and k?
11
Suppose -4 = -2*n + n. Let w(k) = k**2 - 11*k + 10. Let f be w(10). Let q = n - f. Calculate the highest common divisor of 32 and q.
4
Suppose -278 = -g - 2*r, 0*g - g - 5*r = -263. Calculate the highest common factor of g and 32.
32
Let c = 249 + -177. Calculate the greatest common factor of c and 18.
18
Let n = -3 + 5. Let m be (1 - n)/1 + 3. Calculate the highest common divisor of m and 5.
1
Let f be (-3)/(-6)*8/(-2) - -33. What is the highest common divisor of 248 and f?
31
Suppose -420 = 8*j - 13*j. What is the greatest common divisor of 28 and j?
28
Let d be 7 - 0 - (-1 - 1). Calculate the highest common divisor of d and 27.
9
Suppose -3*x = -323 - 247. What is the greatest common factor of x and 76?
38
Let m(j) = j + 8. Let g be m(-6). Let p(r) = -r**3 + 3*r**2 + 3*r**g + 0*r**2 + 8*r. Let w be p(6). Calculate the greatest common factor of w and 12.
12
Suppose -n + 9 = -8. Suppose 0 = 3*i + 2*x + 36, -4*i + 5*x = 14 + 11. Let d = i + n. Calculate the highest common factor of d and 77.
7
Suppose 0 = -0*x - 3*x - a - 23, -3*a = -4*x - 35. Let q = x - -10. Calculate the highest common divisor of 22 and q.
2
Suppose 0 = 4*i - 2*b + 5*b - 576, -4*b = -i + 163. What is the highest common divisor of i and 21?
21
Let i be 6*1 + (-4)/4. What is the highest common factor of i and 40?
5
Let s be 1/(-3*(-2)/24). Let w be (4 - 3)/(2/s). Let g = w + -1. What is the greatest common divisor of 3 and g?
1
Let l = 47 - 5. What is the highest common factor of 6 and l?
6
Let d(b) = 3*b - 14. Let l be d(6). Suppose -l*k + 86 + 34 = 0. Calculate the highest common divisor of 6 and k.
6
Let i = -3 + 22. Let a = i - 10. Calculate the highest common divisor of a and 3.
3
Suppose g = -l + 2 + 2, 2*g = -3*l + 4. Let b = 83 + -19. Calculate the highest common divisor of b and g.
8
Let i = -151 - -158. What is the highest common factor of 7 and i?
7
Let j(g) = -5*g - 5*g + 7*g**2 + 15*g. Let p be j(-5). Suppose 2*w = -3*w + p. Calculate the highest common factor of 45 and w.
15
Let g(a) = -4*a**2 + 0*a**2 + 5 + 6*a - a**2 + 4*a**2. Let j be g(6). What is the highest common factor of 25 and j?
5
Let f(v) = -v**2 + 11*v - 1. Let x(p) = -5*p - 10. Let g be x(-4). Let r be f(g). Let t = 9 - 0. What is the greatest common factor of t and r?
9
Let h(v) be the first derivative of 37*v**3/3 - 2*v**2 + 3*v - 6. Suppose -2 = 5*t - 12. Let m be h(t). Calculate the greatest common divisor of m and 13.
13
Suppose -94 = -8*h + 2. What is the highest common divisor of h and 36?
12
Suppose 2*u + 15 = 5*u. Suppose 0 = u*j + 62 - 272. Calculate the greatest common divisor of j and 6.
6
Let f = -279 - -280. Suppose 27 = 4*t - 2*m - 3, 0 = 4*t - 3*m - 29. Calculate the greatest common divisor of f and t.
1
Let c(n) = -3*n - 3. Let m(r) = -r - 8. Let z be m(-6). Let a be c(z). Suppose 2*l + 4 = -4*w, -a = -l + w + 4. What is the greatest common divisor of 20 and l?
4
Let j(r) = -r + 13. Let i be j(-12). Calculate the highest common divisor of 75 and i.
25
Let m(n) = -3*n + 20. Let o be m(-15). Let l = o - -23. What is the highest common divisor of l and 8?
8
Let p be 1 + (-1)/(2 - 3). Suppose 0 = -f + 5*f + p*k - 6, 4*k = 5*f + 12. Let j be f/(-1) + (12 - -4). What is the highest common factor of j and 48?
16
Let j be (-7)/(28/(-24)) + (5 - 2). Calculate the greatest common factor of j and 1.
1
Let s(o) = 3*o + 2*o**2 + 3*o**3 - 4 - 5*o**3 + 4*o**3. Let t be s(4). Calculate the highest common factor of t and 21.
21
Let a(u) = u**2 + 6*u - 5. Let l be a(-6). Let b be (-317)/l - (-12)/(-30). Calculate the highest common factor of b and 9.
9
Let y be (-3)/2*(-320)/12. Calculate the highest common factor of 10 and y.
10
Suppose 4*p + 2*d + 4 = 0, -5*p = -3*d + 8*d + 10. Suppose -5*w + 16 + 4 = p. Calculate the greatest common factor of w and 36.
4
Suppose 0 = 3*u + 5*z - 95, 2*z + z = -5*u + 137. Calculate the greatest common factor of u and 25.
25
Let h be 7/5 - 39/(-65). Calculate the highest common divisor of h and 12.
2
Suppose 0 = -5*f + 4*f + 144. What is the highest common divisor of f and 96?
48
Suppose -4*i + 22 = -78. Let h = i + -8. Calculate the highest common factor of 68 and h.
17
Let m(c) = 2*c**2 - c - 2. Suppose 0 = 5*i + 15, 3*f + 0*i - 9 = i. Let o be m(f). Suppose 0 = -0*l + o*l - 288. What is the highest common divisor of l and 9?
9
Let q = -37 - -65. Suppose -q - 32 = -4*r. Let n(b) = 15*b**3 + b - 1. Let s be n(1). Calculate the greatest common divisor of r and s.
15
Let y = 392 + -227. Calculate the highest common factor of 15 and y.
15
Let v = -52 + 372. Suppose -4*c = c - v. Calculate the greatest common factor of 8 and c.
8
Suppose -2*r - 2*r = -396. Let m = -18 + 29. What is the highest common factor of m and r?
11
Let g be 77/(-33)*-3*1. Calculate the greatest common divisor of 49 and g.
7
Suppose -625 = -6*k + k. Let d = k - 71. What is the greatest common divisor of 36 and d?
18
Let i(b) = -b**2 + 7*b + 24. Let s be i(8). Calculate the highest common divisor of 72 and s.
8
Suppose -5*r + 4*b = -b - 320, 2*r - 3*b = 129. Let d(o) = o**3 + 7*o + 0*o**3 - 7*o**2 + 1 + 0*o. Let v be d(6). What is the highest common divisor of v and r?
7
Suppose -3*s - m - 3*m = -255, 5*s - 442 = -m. Let t = 26 - s. Let z = t - -96. What is the highest common factor of 11 and z?
11
Let g be (9/(-6))/(15/(-70)). Let r(l) = l + 16. Let j be r(-9). Calculate the greatest common divisor of g and j.
7
Let l be (-1)/(2*3/(-6)). Suppose 2*y - 3 = -l. Let s = 13 - y. What is the greatest common factor of 36 and s?
12
Suppose -2*o = 4*b - 212, -6*b = -2*b + o - 214. Let t be b - (0 + 2)/(-2). Calculate the highest common divisor of 22 and t.
11
Let l = 301 - 85. Calculate the greatest common diviso